{"id":239,"date":"2015-07-05T14:34:04","date_gmt":"2015-07-05T13:34:04","guid":{"rendered":"http:\/\/www.silhouette-franken.de\/?page_id=239"},"modified":"2015-07-05T14:34:04","modified_gmt":"2015-07-05T13:34:04","slug":"1-frankencup-sbp-sbr","status":"publish","type":"page","link":"http:\/\/www.silhouette-franken.de\/?page_id=239","title":{"rendered":"1. Frankencup SBP \/ SBR"},"content":{"rendered":"<p>Hier die Ergebnisse mit ein bisschen Statistik des 1. Frankencups Small Bore Pistol und Small Bore Rifle.<\/p>\n<p>Statistik Small Bore Pistol: 40 Starts mit insgesamt 1089 Treffern, das ist ein Schnitt vom 27,2 Treffern\u00a0 pro Durchgang!<\/p>\n<p>Statistik Small Bore Rifle: 13 Starts mit insgesamt 210 Treffen, das ist ein Schnitt von 16,2 Treffern pro Durchgang!<\/p>\n<p>&nbsp;<\/p>\n<p>Wir danken allen Helfern, die die Veranstaltung durch ihre tatkr\u00e4ftige Unterst\u00fctzung m\u00f6glich gemacht haben!<\/p>\n<p>&nbsp;<\/p>\n<p>SBP Production<\/p>\n<table border=\"0\" frame=\"VOID\" rules=\"NONE\" cellspacing=\"0\">\n<colgroup>\n<col width=\"35\" \/>\n<col width=\"150\" \/>\n<col width=\"61\" \/>\n<col width=\"61\" \/>\n<col width=\"61\" \/>\n<col width=\"61\" \/>\n<col width=\"61\" \/><\/colgroup>\n<tbody>\n<tr>\n<td align=\"CENTER\" width=\"35\" height=\"17\"><\/td>\n<td align=\"Center\" bgcolor=\"#FFFF00\" width=\"150\">Starter<\/td>\n<td align=\"center\" bgcolor=\"#FFFF00\" width=\"61\">Huhn<\/td>\n<td align=\"center\" bgcolor=\"#FFFF00\" width=\"61\">Schwein<\/td>\n<td align=\"center\" bgcolor=\"#FFFF00\" width=\"61\">Truthahn<\/td>\n<td align=\"center\" bgcolor=\"#FFFF00\" width=\"61\">Widder<\/td>\n<td align=\"center\" bgcolor=\"#FFFF00\" width=\"61\">Summe<\/td>\n<\/tr>\n<tr>\n<td align=\"CENTER\" height=\"17\">1<\/td>\n<td align=\"LEFT\">Richter Axel<\/td>\n<td align=\"RIGHT\">10<\/td>\n<td align=\"RIGHT\">10<\/td>\n<td align=\"RIGHT\">10<\/td>\n<td align=\"RIGHT\">10<\/td>\n<td align=\"RIGHT\">40<\/td>\n<\/tr>\n<tr>\n<td align=\"CENTER\" height=\"17\">2<\/td>\n<td align=\"LEFT\">Surb\u00f6ck Christian<\/td>\n<td align=\"RIGHT\">10<\/td>\n<td align=\"RIGHT\">9<\/td>\n<td align=\"RIGHT\">8<\/td>\n<td align=\"RIGHT\">10<\/td>\n<td align=\"RIGHT\">37<\/td>\n<\/tr>\n<tr>\n<td align=\"CENTER\" height=\"17\">3<\/td>\n<td align=\"LEFT\">Atefi Farzin<\/td>\n<td align=\"RIGHT\">10<\/td>\n<td align=\"RIGHT\">10<\/td>\n<td align=\"RIGHT\">9<\/td>\n<td align=\"RIGHT\">8<\/td>\n<td align=\"RIGHT\">37<\/td>\n<\/tr>\n<tr>\n<td align=\"CENTER\" height=\"17\">4<\/td>\n<td align=\"LEFT\">Blankenberg Axel<\/td>\n<td align=\"RIGHT\">10<\/td>\n<td align=\"RIGHT\">9<\/td>\n<td align=\"RIGHT\">9<\/td>\n<td align=\"RIGHT\">8<\/td>\n<td align=\"RIGHT\">36<\/td>\n<\/tr>\n<tr>\n<td align=\"CENTER\" height=\"17\">5<\/td>\n<td align=\"LEFT\">Kuzmanic Oskar<\/td>\n<td align=\"RIGHT\">10<\/td>\n<td align=\"RIGHT\">10<\/td>\n<td align=\"RIGHT\">9<\/td>\n<td align=\"RIGHT\">6<\/td>\n<td align=\"RIGHT\">35<\/td>\n<\/tr>\n<tr>\n<td align=\"CENTER\" height=\"17\">6<\/td>\n<td align=\"LEFT\">Seidl Wolfgang<\/td>\n<td align=\"RIGHT\">8<\/td>\n<td align=\"RIGHT\">9<\/td>\n<td align=\"RIGHT\">7<\/td>\n<td align=\"RIGHT\">8<\/td>\n<td align=\"RIGHT\">32<\/td>\n<\/tr>\n<tr>\n<td align=\"CENTER\" height=\"17\">7<\/td>\n<td align=\"LEFT\">Blankenberg Joachim<\/td>\n<td align=\"RIGHT\">10<\/td>\n<td align=\"RIGHT\">10<\/td>\n<td align=\"RIGHT\">6<\/td>\n<td align=\"RIGHT\">4<\/td>\n<td align=\"RIGHT\">30<\/td>\n<\/tr>\n<tr>\n<td align=\"CENTER\" height=\"17\">8<\/td>\n<td align=\"LEFT\">Zotter Maria<\/td>\n<td align=\"RIGHT\">6<\/td>\n<td align=\"RIGHT\">9<\/td>\n<td align=\"RIGHT\">9<\/td>\n<td align=\"RIGHT\">3<\/td>\n<td align=\"RIGHT\">27<\/td>\n<\/tr>\n<tr>\n<td align=\"CENTER\" height=\"17\">9<\/td>\n<td align=\"LEFT\">v. Gaisberg Armin<\/td>\n<td align=\"RIGHT\">2<\/td>\n<td align=\"RIGHT\">1<\/td>\n<td align=\"RIGHT\">3<\/td>\n<td align=\"RIGHT\">2<\/td>\n<td align=\"RIGHT\">8<\/td>\n<\/tr>\n<\/tbody>\n<\/table>\n<p>&nbsp;<\/p>\n<hr \/>\n<p>&nbsp;<\/p>\n<p>SBP Standing<\/p>\n<table border=\"0\" frame=\"VOID\" rules=\"NONE\" cellspacing=\"0\">\n<tbody>\n<tr>\n<td align=\"CENTER\" width=\"35\" height=\"17\"><\/td>\n<td align=\"CENTER\" bgcolor=\"#FFFF00\" width=\"150\">Starter<\/td>\n<td align=\"CENTER\" bgcolor=\"#FFFF00\" width=\"60\">Huhn<\/td>\n<td align=\"CENTER\" bgcolor=\"#FFFF00\" width=\"60\">Schwein<\/td>\n<td align=\"CENTER\" bgcolor=\"#FFFF00\" width=\"60\">Truthahn<\/td>\n<td align=\"CENTER\" bgcolor=\"#FFFF00\" width=\"60\">Widder<\/td>\n<td align=\"CENTER\" bgcolor=\"#FFFF00\" width=\"60\">Summe<\/td>\n<\/tr>\n<tr>\n<td align=\"CENTER\" height=\"18\">1<\/td>\n<td align=\"LEFT\">Surb\u00f6ck Christian<\/td>\n<td align=\"RIGHT\">10<\/td>\n<td align=\"RIGHT\">9<\/td>\n<td align=\"RIGHT\">6<\/td>\n<td align=\"RIGHT\">7<\/td>\n<td align=\"RIGHT\">32<\/td>\n<\/tr>\n<tr>\n<td align=\"CENTER\" height=\"17\">2<\/td>\n<td align=\"LEFT\">Richter Axel<\/td>\n<td align=\"RIGHT\">9<\/td>\n<td align=\"RIGHT\">10<\/td>\n<td align=\"RIGHT\">5<\/td>\n<td align=\"RIGHT\">7<\/td>\n<td align=\"RIGHT\">31<\/td>\n<\/tr>\n<tr>\n<td align=\"CENTER\" height=\"18\">3<\/td>\n<td align=\"LEFT\">Kuzmanic Oskar<\/td>\n<td align=\"RIGHT\">9<\/td>\n<td align=\"RIGHT\">9<\/td>\n<td align=\"RIGHT\">5<\/td>\n<td align=\"RIGHT\">7<\/td>\n<td align=\"RIGHT\">30<\/td>\n<\/tr>\n<tr>\n<td align=\"CENTER\" height=\"18\">4<\/td>\n<td align=\"LEFT\">Zotter Maria<\/td>\n<td align=\"RIGHT\">8<\/td>\n<td align=\"RIGHT\">6<\/td>\n<td align=\"RIGHT\">6<\/td>\n<td align=\"RIGHT\">7<\/td>\n<td align=\"RIGHT\">27<\/td>\n<\/tr>\n<tr>\n<td align=\"CENTER\" height=\"17\">5<\/td>\n<td align=\"LEFT\">Richter Ulrike<\/td>\n<td align=\"RIGHT\">6<\/td>\n<td align=\"RIGHT\">6<\/td>\n<td align=\"RIGHT\">6<\/td>\n<td align=\"RIGHT\">5<\/td>\n<td align=\"RIGHT\">23<\/td>\n<\/tr>\n<tr>\n<td align=\"CENTER\" height=\"18\">6<\/td>\n<td align=\"LEFT\">Atefi Farzin<\/td>\n<td align=\"RIGHT\">8<\/td>\n<td align=\"RIGHT\">8<\/td>\n<td align=\"RIGHT\">4<\/td>\n<td align=\"RIGHT\">3<\/td>\n<td align=\"RIGHT\">23<\/td>\n<\/tr>\n<tr>\n<td align=\"CENTER\" height=\"18\">7<\/td>\n<td align=\"LEFT\">Engelhardt J\u00fcrgen<\/td>\n<td align=\"RIGHT\">7<\/td>\n<td align=\"RIGHT\">6<\/td>\n<td align=\"RIGHT\">3<\/td>\n<td align=\"RIGHT\">5<\/td>\n<td align=\"RIGHT\">21<\/td>\n<\/tr>\n<tr>\n<td align=\"CENTER\" height=\"18\">8<\/td>\n<td align=\"LEFT\">Blankenberg Axel<\/td>\n<td align=\"RIGHT\">5<\/td>\n<td align=\"RIGHT\">6<\/td>\n<td align=\"RIGHT\">2<\/td>\n<td align=\"RIGHT\">5<\/td>\n<td align=\"RIGHT\">18<\/td>\n<\/tr>\n<tr>\n<td align=\"CENTER\" height=\"18\">9<\/td>\n<td align=\"LEFT\">Scheuter Heike<\/td>\n<td align=\"RIGHT\">5<\/td>\n<td align=\"RIGHT\">3<\/td>\n<td align=\"RIGHT\">1<\/td>\n<td align=\"RIGHT\">6<\/td>\n<td align=\"RIGHT\">15<\/td>\n<\/tr>\n<\/tbody>\n<\/table>\n<p>&nbsp;<\/p>\n<hr \/>\n<p>&nbsp;<\/p>\n<p>SBP Revolver<\/p>\n<table border=\"0\" frame=\"VOID\" rules=\"NONE\" cellspacing=\"0\">\n<colgroup>\n<col width=\"35\" \/>\n<col width=\"150\" \/>\n<col width=\"60\" \/>\n<col width=\"60\" \/>\n<col width=\"60\" \/>\n<col width=\"60\" \/>\n<col width=\"60\" \/><\/colgroup>\n<tbody>\n<tr>\n<td align=\"CENTER\" width=\"35\" height=\"17\"><\/td>\n<td align=\"CENTER\" bgcolor=\"#FFFF00\" width=\"150\">Starter<\/td>\n<td align=\"CENTER\" bgcolor=\"#FFFF00\" width=\"60\">Huhn<\/td>\n<td align=\"CENTER\" bgcolor=\"#FFFF00\" width=\"60\">Schwein<\/td>\n<td align=\"CENTER\" bgcolor=\"#FFFF00\" width=\"60\">Truthahn<\/td>\n<td align=\"CENTER\" bgcolor=\"#FFFF00\" width=\"60\">Widder<\/td>\n<td align=\"CENTER\" bgcolor=\"#FFFF00\" width=\"60\">Summe<\/td>\n<\/tr>\n<tr>\n<td align=\"CENTER\" height=\"18\">1<\/td>\n<td align=\"LEFT\">Kuzmanic Oskar<\/td>\n<td align=\"RIGHT\">10<\/td>\n<td align=\"RIGHT\">10<\/td>\n<td align=\"RIGHT\">9<\/td>\n<td align=\"RIGHT\">8<\/td>\n<td align=\"RIGHT\">37<\/td>\n<\/tr>\n<tr>\n<td align=\"CENTER\" height=\"17\">2<\/td>\n<td align=\"LEFT\">Richter Axel<\/td>\n<td align=\"RIGHT\">10<\/td>\n<td align=\"RIGHT\">9<\/td>\n<td align=\"RIGHT\">9<\/td>\n<td align=\"RIGHT\">7<\/td>\n<td align=\"RIGHT\">35<\/td>\n<\/tr>\n<tr>\n<td align=\"CENTER\" height=\"17\">3<\/td>\n<td align=\"LEFT\">Richter Ulrike<\/td>\n<td align=\"RIGHT\">10<\/td>\n<td align=\"RIGHT\">8<\/td>\n<td align=\"RIGHT\">6<\/td>\n<td align=\"RIGHT\">7<\/td>\n<td align=\"RIGHT\">31<\/td>\n<\/tr>\n<tr>\n<td align=\"CENTER\" height=\"18\">4<\/td>\n<td align=\"LEFT\">Atefi Farzin<\/td>\n<td align=\"RIGHT\">10<\/td>\n<td align=\"RIGHT\">9<\/td>\n<td align=\"RIGHT\">7<\/td>\n<td align=\"RIGHT\">5<\/td>\n<td align=\"RIGHT\">31<\/td>\n<\/tr>\n<tr>\n<td align=\"CENTER\" height=\"18\">5<\/td>\n<td align=\"LEFT\">Surb\u00f6ck Christian<\/td>\n<td align=\"RIGHT\">10<\/td>\n<td align=\"RIGHT\">9<\/td>\n<td align=\"RIGHT\">4<\/td>\n<td align=\"RIGHT\">7<\/td>\n<td align=\"RIGHT\">30<\/td>\n<\/tr>\n<tr>\n<td align=\"CENTER\" height=\"18\">6<\/td>\n<td align=\"LEFT\">Blankenberg Joachim<\/td>\n<td align=\"RIGHT\">9<\/td>\n<td align=\"RIGHT\">8<\/td>\n<td align=\"RIGHT\">7<\/td>\n<td align=\"RIGHT\">6<\/td>\n<td align=\"RIGHT\">30<\/td>\n<\/tr>\n<tr>\n<td align=\"CENTER\" height=\"18\">7<\/td>\n<td align=\"LEFT\">Zotter Maria<\/td>\n<td align=\"RIGHT\">9<\/td>\n<td align=\"RIGHT\">8<\/td>\n<td align=\"RIGHT\">9<\/td>\n<td align=\"RIGHT\">4<\/td>\n<td align=\"RIGHT\">30<\/td>\n<\/tr>\n<tr>\n<td align=\"CENTER\" height=\"18\">8<\/td>\n<td align=\"LEFT\">Blankenberg Axel<\/td>\n<td align=\"RIGHT\">9<\/td>\n<td align=\"RIGHT\">9<\/td>\n<td align=\"RIGHT\">3<\/td>\n<td align=\"RIGHT\">7<\/td>\n<td align=\"RIGHT\">28<\/td>\n<\/tr>\n<tr>\n<td align=\"CENTER\" height=\"18\">9<\/td>\n<td align=\"LEFT\">Hensel Frank<\/td>\n<td align=\"RIGHT\">8<\/td>\n<td align=\"RIGHT\">7<\/td>\n<td align=\"RIGHT\">5<\/td>\n<td align=\"RIGHT\">4<\/td>\n<td align=\"RIGHT\">24<\/td>\n<\/tr>\n<tr>\n<td align=\"CENTER\" height=\"18\">10<\/td>\n<td align=\"LEFT\">Seidl Wolfgang<\/td>\n<td align=\"RIGHT\">8<\/td>\n<td align=\"RIGHT\">6<\/td>\n<td align=\"RIGHT\">5<\/td>\n<td align=\"RIGHT\">3<\/td>\n<td align=\"RIGHT\">22<\/td>\n<\/tr>\n<tr>\n<td align=\"CENTER\" height=\"17\">11<\/td>\n<td align=\"LEFT\">v. Gaisberg Armin<\/td>\n<td align=\"RIGHT\">6<\/td>\n<td align=\"RIGHT\">5<\/td>\n<td align=\"RIGHT\">3<\/td>\n<td align=\"RIGHT\">2<\/td>\n<td align=\"RIGHT\">16<\/td>\n<\/tr>\n<tr>\n<td align=\"CENTER\" height=\"18\">12<\/td>\n<td align=\"LEFT\">v. Gaisberg Ann-Sophie<\/td>\n<td align=\"RIGHT\">3<\/td>\n<td align=\"RIGHT\">2<\/td>\n<td align=\"RIGHT\">0<\/td>\n<td align=\"RIGHT\">1<\/td>\n<td align=\"RIGHT\">6<\/td>\n<\/tr>\n<tr>\n<td align=\"CENTER\" height=\"17\">13<\/td>\n<td align=\"LEFT\">v. Gaisberg Moritz<\/td>\n<td align=\"RIGHT\">0<\/td>\n<td align=\"RIGHT\">0<\/td>\n<td align=\"RIGHT\">1<\/td>\n<td align=\"RIGHT\">0<\/td>\n<td align=\"RIGHT\">1<\/td>\n<\/tr>\n<\/tbody>\n<\/table>\n<p>&nbsp;<\/p>\n<hr \/>\n<p>&nbsp;<\/p>\n<p>SBP Unlimited<\/p>\n<table border=\"0\" frame=\"VOID\" rules=\"NONE\" cellspacing=\"0\">\n<colgroup>\n<col width=\"35\" \/>\n<col width=\"150\" \/>\n<col width=\"60\" \/>\n<col width=\"60\" \/>\n<col width=\"60\" \/>\n<col width=\"60\" \/>\n<col width=\"60\" \/><\/colgroup>\n<tbody>\n<tr>\n<td align=\"CENTER\" width=\"35\" height=\"17\"><\/td>\n<td align=\"CENTER\" bgcolor=\"#FFFF00\" width=\"150\">Starter<\/td>\n<td align=\"CENTER\" bgcolor=\"#FFFF00\" width=\"60\">Huhn<\/td>\n<td align=\"CENTER\" bgcolor=\"#FFFF00\" width=\"60\">Schwein<\/td>\n<td align=\"CENTER\" bgcolor=\"#FFFF00\" width=\"60\">Truthahn<\/td>\n<td align=\"CENTER\" bgcolor=\"#FFFF00\" width=\"60\">Widder<\/td>\n<td align=\"CENTER\" bgcolor=\"#FFFF00\" width=\"60\">Summe<\/td>\n<\/tr>\n<tr>\n<td align=\"CENTER\" height=\"18\">1<\/td>\n<td align=\"LEFT\">Kuzmanic Oskar<\/td>\n<td align=\"RIGHT\">10<\/td>\n<td align=\"RIGHT\">10<\/td>\n<td align=\"RIGHT\">8<\/td>\n<td align=\"RIGHT\">7<\/td>\n<td align=\"RIGHT\">35<\/td>\n<\/tr>\n<tr>\n<td align=\"CENTER\" height=\"17\">2<\/td>\n<td align=\"LEFT\">Richter Axel<\/td>\n<td align=\"RIGHT\">10<\/td>\n<td align=\"RIGHT\">9<\/td>\n<td align=\"RIGHT\">6<\/td>\n<td align=\"RIGHT\">9<\/td>\n<td align=\"RIGHT\">34<\/td>\n<\/tr>\n<tr>\n<td align=\"CENTER\" height=\"18\">3<\/td>\n<td align=\"LEFT\">Blankenberg Joachim<\/td>\n<td align=\"RIGHT\">9<\/td>\n<td align=\"RIGHT\">8<\/td>\n<td align=\"RIGHT\">7<\/td>\n<td align=\"RIGHT\">5<\/td>\n<td align=\"RIGHT\">29<\/td>\n<\/tr>\n<tr>\n<td align=\"CENTER\" height=\"18\">4<\/td>\n<td align=\"LEFT\">Hensel Frank<\/td>\n<td align=\"RIGHT\">8<\/td>\n<td align=\"RIGHT\">8<\/td>\n<td align=\"RIGHT\">6<\/td>\n<td align=\"RIGHT\">6<\/td>\n<td align=\"RIGHT\">28<\/td>\n<\/tr>\n<tr>\n<td align=\"CENTER\" height=\"18\">5<\/td>\n<td align=\"LEFT\">Atefi Farzin<\/td>\n<td align=\"RIGHT\">8<\/td>\n<td align=\"RIGHT\">10<\/td>\n<td align=\"RIGHT\">4<\/td>\n<td align=\"RIGHT\">4<\/td>\n<td align=\"RIGHT\">26<\/td>\n<\/tr>\n<tr>\n<td align=\"CENTER\" height=\"18\">6<\/td>\n<td align=\"LEFT\">Zotter Maria<\/td>\n<td align=\"RIGHT\">8<\/td>\n<td align=\"RIGHT\">9<\/td>\n<td align=\"RIGHT\">1<\/td>\n<td align=\"RIGHT\">7<\/td>\n<td align=\"RIGHT\">25<\/td>\n<\/tr>\n<tr>\n<td align=\"CENTER\" height=\"18\">7<\/td>\n<td align=\"LEFT\">Surb\u00f6ck Christian<\/td>\n<td align=\"RIGHT\">6<\/td>\n<td align=\"RIGHT\">8<\/td>\n<td align=\"RIGHT\">3<\/td>\n<td align=\"RIGHT\">6<\/td>\n<td align=\"RIGHT\">23<\/td>\n<\/tr>\n<tr>\n<td align=\"CENTER\" height=\"18\">8<\/td>\n<td align=\"LEFT\">Blankenberg Axel<\/td>\n<td align=\"RIGHT\">8<\/td>\n<td align=\"RIGHT\">8<\/td>\n<td align=\"RIGHT\">3<\/td>\n<td align=\"RIGHT\">3<\/td>\n<td align=\"RIGHT\">22<\/td>\n<\/tr>\n<tr>\n<td align=\"CENTER\" height=\"18\">9<\/td>\n<td align=\"LEFT\">Engelhardt J\u00fcrgen<\/td>\n<td align=\"RIGHT\">6<\/td>\n<td align=\"RIGHT\">5<\/td>\n<td align=\"RIGHT\">5<\/td>\n<td align=\"RIGHT\">4<\/td>\n<td align=\"RIGHT\">20<\/td>\n<\/tr>\n<tr>\n<td align=\"CENTER\" height=\"17\">10<\/td>\n<td align=\"LEFT\">Richter Ulrike<\/td>\n<td align=\"RIGHT\">8<\/td>\n<td align=\"RIGHT\">6<\/td>\n<td align=\"RIGHT\">3<\/td>\n<td align=\"RIGHT\">0<\/td>\n<td align=\"RIGHT\">17<\/td>\n<\/tr>\n<tr>\n<td align=\"CENTER\" height=\"18\">11<\/td>\n<td align=\"LEFT\">Seidl Wolfgang<\/td>\n<td align=\"RIGHT\">6<\/td>\n<td align=\"RIGHT\">6<\/td>\n<td align=\"RIGHT\">2<\/td>\n<td align=\"RIGHT\">0<\/td>\n<td align=\"RIGHT\">14<\/td>\n<\/tr>\n<\/tbody>\n<\/table>\n<p>&nbsp;<\/p>\n<hr \/>\n<p>&nbsp;<\/p>\n<p>&nbsp;<\/p>\n<p>SBP Aggregat<\/p>\n<table border=\"0\" frame=\"VOID\" rules=\"NONE\" cellspacing=\"0\">\n<colgroup>\n<col width=\"35\" \/>\n<col width=\"150\" \/>\n<col width=\"60\" \/>\n<col width=\"60\" \/>\n<col width=\"60\" \/>\n<col width=\"60\" \/>\n<col width=\"60\" \/><\/colgroup>\n<tbody>\n<tr>\n<td align=\"CENTER\" width=\"35\" height=\"17\"><\/td>\n<td align=\"CENTER\" bgcolor=\"#FFFF00\" width=\"150\">Starter<\/td>\n<td align=\"CENTER\" bgcolor=\"#FFFF00\" width=\"60\">SBP P<\/td>\n<td align=\"CENTER\" bgcolor=\"#FFFF00\" width=\"60\">SBP S<\/td>\n<td align=\"CENTER\" bgcolor=\"#FFFF00\" width=\"60\">SBP R<\/td>\n<td align=\"CENTER\" bgcolor=\"#FFFF00\" width=\"60\">SBP U<\/td>\n<td align=\"CENTER\" bgcolor=\"#FFFF00\" width=\"60\">Summe<\/td>\n<\/tr>\n<tr>\n<td align=\"CENTER\" height=\"17\">1<\/td>\n<td align=\"LEFT\">Richter Axel<\/td>\n<td align=\"RIGHT\">40<\/td>\n<td align=\"RIGHT\">31<\/td>\n<td align=\"RIGHT\">35<\/td>\n<td align=\"RIGHT\">34<\/td>\n<td align=\"RIGHT\">140<\/td>\n<\/tr>\n<tr>\n<td align=\"CENTER\" height=\"17\">2<\/td>\n<td align=\"LEFT\">Kuzmanic Oskar<\/td>\n<td align=\"RIGHT\">35<\/td>\n<td align=\"RIGHT\">30<\/td>\n<td align=\"RIGHT\">37<\/td>\n<td align=\"RIGHT\">35<\/td>\n<td align=\"RIGHT\">137<\/td>\n<\/tr>\n<tr>\n<td align=\"CENTER\" height=\"17\">3<\/td>\n<td align=\"LEFT\">Surb\u00f6ck Christian<\/td>\n<td align=\"RIGHT\">37<\/td>\n<td align=\"RIGHT\">32<\/td>\n<td align=\"RIGHT\">30<\/td>\n<td align=\"RIGHT\">23<\/td>\n<td align=\"RIGHT\">122<\/td>\n<\/tr>\n<tr>\n<td align=\"CENTER\" height=\"17\">4<\/td>\n<td align=\"LEFT\">Atefi Farzin<\/td>\n<td align=\"RIGHT\">37<\/td>\n<td align=\"RIGHT\">23<\/td>\n<td align=\"RIGHT\">31<\/td>\n<td align=\"RIGHT\">26<\/td>\n<td align=\"RIGHT\">117<\/td>\n<\/tr>\n<tr>\n<td align=\"CENTER\" height=\"17\">5<\/td>\n<td align=\"LEFT\">Zotter Maria<\/td>\n<td align=\"RIGHT\">27<\/td>\n<td align=\"RIGHT\">27<\/td>\n<td align=\"RIGHT\">30<\/td>\n<td align=\"RIGHT\">25<\/td>\n<td align=\"RIGHT\">109<\/td>\n<\/tr>\n<tr>\n<td align=\"CENTER\" height=\"17\">6<\/td>\n<td align=\"LEFT\">Blankenberg Axel<\/td>\n<td align=\"RIGHT\">36<\/td>\n<td align=\"RIGHT\">18<\/td>\n<td align=\"RIGHT\">28<\/td>\n<td align=\"RIGHT\">22<\/td>\n<td align=\"RIGHT\">104<\/td>\n<\/tr>\n<tr>\n<td align=\"CENTER\" height=\"17\">7<\/td>\n<td align=\"LEFT\">Blankenberg Joachim<\/td>\n<td align=\"RIGHT\">30<\/td>\n<td align=\"LEFT\"><\/td>\n<td align=\"RIGHT\">30<\/td>\n<td align=\"RIGHT\">29<\/td>\n<td align=\"RIGHT\">89<\/td>\n<\/tr>\n<tr>\n<td align=\"CENTER\" height=\"17\">8<\/td>\n<td align=\"LEFT\">Richter Ulrike<\/td>\n<td align=\"LEFT\"><\/td>\n<td align=\"RIGHT\">23<\/td>\n<td align=\"RIGHT\">31<\/td>\n<td align=\"RIGHT\">17<\/td>\n<td align=\"RIGHT\">71<\/td>\n<\/tr>\n<tr>\n<td align=\"CENTER\" height=\"17\">9<\/td>\n<td align=\"LEFT\">Seidl Wolfgang<\/td>\n<td align=\"RIGHT\">32<\/td>\n<td align=\"LEFT\"><\/td>\n<td align=\"RIGHT\">22<\/td>\n<td align=\"RIGHT\">14<\/td>\n<td align=\"RIGHT\">68<\/td>\n<\/tr>\n<tr>\n<td align=\"CENTER\" height=\"17\">10<\/td>\n<td align=\"LEFT\">Hensel Frank<\/td>\n<td align=\"LEFT\"><\/td>\n<td align=\"LEFT\"><\/td>\n<td align=\"RIGHT\">24<\/td>\n<td align=\"RIGHT\">28<\/td>\n<td align=\"RIGHT\">52<\/td>\n<\/tr>\n<tr>\n<td align=\"CENTER\" height=\"17\">11<\/td>\n<td align=\"LEFT\">Engelhardt J\u00fcrgen<\/td>\n<td align=\"LEFT\"><\/td>\n<td align=\"RIGHT\">21<\/td>\n<td align=\"LEFT\"><\/td>\n<td align=\"RIGHT\">20<\/td>\n<td align=\"RIGHT\">41<\/td>\n<\/tr>\n<tr>\n<td align=\"CENTER\" height=\"17\">12<\/td>\n<td align=\"LEFT\">v. Gaisberg Armin<\/td>\n<td align=\"RIGHT\">8<\/td>\n<td align=\"LEFT\"><\/td>\n<td align=\"RIGHT\">16<\/td>\n<td align=\"LEFT\"><\/td>\n<td align=\"RIGHT\">24<\/td>\n<\/tr>\n<tr>\n<td align=\"CENTER\" height=\"17\">13<\/td>\n<td align=\"LEFT\">Scheuter Heike<\/td>\n<td align=\"LEFT\"><\/td>\n<td align=\"RIGHT\">15<\/td>\n<td align=\"LEFT\"><\/td>\n<td align=\"LEFT\"><\/td>\n<td align=\"RIGHT\">15<\/td>\n<\/tr>\n<tr>\n<td align=\"CENTER\" height=\"17\">14<\/td>\n<td align=\"LEFT\">v. Gaisberg Ann-Sophie<\/td>\n<td align=\"LEFT\"><\/td>\n<td align=\"LEFT\"><\/td>\n<td align=\"RIGHT\">6<\/td>\n<td align=\"LEFT\"><\/td>\n<td align=\"RIGHT\">6<\/td>\n<\/tr>\n<tr>\n<td align=\"CENTER\" height=\"17\">15<\/td>\n<td align=\"LEFT\">v. Gaisberg Moritz<\/td>\n<td align=\"LEFT\"><\/td>\n<td align=\"LEFT\"><\/td>\n<td align=\"RIGHT\">1<\/td>\n<td align=\"LEFT\"><\/td>\n<td align=\"RIGHT\">1<\/td>\n<\/tr>\n<\/tbody>\n<\/table>\n<p>&nbsp;<\/p>\n<hr \/>\n<p>&nbsp;<\/p>\n<p>SBR Light<\/p>\n<table border=\"0\" frame=\"VOID\" rules=\"NONE\" cellspacing=\"0\">\n<colgroup>\n<col width=\"35\" \/>\n<col width=\"150\" \/>\n<col width=\"60\" \/>\n<col width=\"60\" \/>\n<col width=\"60\" \/>\n<col width=\"60\" \/>\n<col width=\"60\" \/><\/colgroup>\n<tbody>\n<tr>\n<td align=\"CENTER\" width=\"35\" height=\"17\"><\/td>\n<td align=\"CENTER\" bgcolor=\"#FFFF00\" width=\"150\">Starter<\/td>\n<td align=\"CENTER\" bgcolor=\"#FFFF00\" width=\"60\">Huhn<\/td>\n<td align=\"CENTER\" bgcolor=\"#FFFF00\" width=\"60\">Schwein<\/td>\n<td align=\"CENTER\" bgcolor=\"#FFFF00\" width=\"60\">Truthahn<\/td>\n<td align=\"CENTER\" bgcolor=\"#FFFF00\" width=\"60\">Widder<\/td>\n<td align=\"CENTER\" bgcolor=\"#FFFF00\" width=\"60\">Summe<\/td>\n<\/tr>\n<tr>\n<td align=\"CENTER\" height=\"17\">1<\/td>\n<td align=\"LEFT\">Richter Axel<\/td>\n<td align=\"RIGHT\">8<\/td>\n<td align=\"RIGHT\">8<\/td>\n<td align=\"RIGHT\">8<\/td>\n<td align=\"RIGHT\">8<\/td>\n<td align=\"RIGHT\">32<\/td>\n<\/tr>\n<tr>\n<td align=\"CENTER\" height=\"18\">2<\/td>\n<td align=\"LEFT\">Surb\u00f6ck Christian<\/td>\n<td align=\"RIGHT\">6<\/td>\n<td align=\"RIGHT\">7<\/td>\n<td align=\"RIGHT\">7<\/td>\n<td align=\"RIGHT\">6<\/td>\n<td align=\"RIGHT\">26<\/td>\n<\/tr>\n<tr>\n<td align=\"CENTER\" height=\"18\">3<\/td>\n<td align=\"LEFT\">Engelhardt J\u00fcrgen<\/td>\n<td align=\"RIGHT\">4<\/td>\n<td align=\"RIGHT\">3<\/td>\n<td align=\"RIGHT\">3<\/td>\n<td align=\"RIGHT\">4<\/td>\n<td align=\"RIGHT\">14<\/td>\n<\/tr>\n<tr>\n<td align=\"CENTER\" height=\"18\">4<\/td>\n<td align=\"LEFT\">Blankenberg Joachim<\/td>\n<td align=\"RIGHT\">2<\/td>\n<td align=\"RIGHT\">6<\/td>\n<td align=\"RIGHT\">2<\/td>\n<td align=\"RIGHT\">1<\/td>\n<td align=\"RIGHT\">11<\/td>\n<\/tr>\n<tr>\n<td align=\"CENTER\" height=\"18\">5<\/td>\n<td align=\"LEFT\">Scheuter Hans-Peter<\/td>\n<td align=\"RIGHT\">3<\/td>\n<td align=\"RIGHT\">5<\/td>\n<td align=\"RIGHT\">2<\/td>\n<td align=\"RIGHT\">1<\/td>\n<td align=\"RIGHT\">11<\/td>\n<\/tr>\n<tr>\n<td align=\"CENTER\" height=\"18\">6<\/td>\n<td align=\"LEFT\">Hensel Frank<\/td>\n<td align=\"RIGHT\">2<\/td>\n<td align=\"RIGHT\">1<\/td>\n<td align=\"RIGHT\">3<\/td>\n<td align=\"RIGHT\">1<\/td>\n<td align=\"RIGHT\">7<\/td>\n<\/tr>\n<tr>\n<td align=\"CENTER\" height=\"18\">7<\/td>\n<td align=\"LEFT\">Scheuter Heike<\/td>\n<td align=\"RIGHT\">0<\/td>\n<td align=\"RIGHT\">1<\/td>\n<td align=\"RIGHT\">1<\/td>\n<td align=\"RIGHT\">1<\/td>\n<td align=\"RIGHT\">3<\/td>\n<\/tr>\n<\/tbody>\n<\/table>\n<p>&nbsp;<\/p>\n<hr \/>\n<p>SBR Silhouette<\/p>\n<table border=\"0\" frame=\"VOID\" rules=\"NONE\" cellspacing=\"0\">\n<colgroup>\n<col width=\"35\" \/>\n<col width=\"150\" \/>\n<col width=\"60\" \/>\n<col width=\"60\" \/>\n<col width=\"60\" \/>\n<col width=\"60\" \/>\n<col width=\"60\" \/><\/colgroup>\n<tbody>\n<tr>\n<td align=\"CENTER\" width=\"35\" height=\"17\"><\/td>\n<td align=\"CENTER\" bgcolor=\"#FFFF00\" width=\"150\">Starter<\/td>\n<td align=\"CENTER\" bgcolor=\"#FFFF00\" width=\"60\">Huhn<\/td>\n<td align=\"CENTER\" bgcolor=\"#FFFF00\" width=\"60\">Schwein<\/td>\n<td align=\"CENTER\" bgcolor=\"#FFFF00\" width=\"60\">Truthahn<\/td>\n<td align=\"CENTER\" bgcolor=\"#FFFF00\" width=\"60\">Widder<\/td>\n<td align=\"CENTER\" bgcolor=\"#FFFF00\" width=\"60\">Summe<\/td>\n<\/tr>\n<tr>\n<td align=\"CENTER\" height=\"17\">1<\/td>\n<td align=\"LEFT\">Richter Axel<\/td>\n<td align=\"RIGHT\">9<\/td>\n<td align=\"RIGHT\">7<\/td>\n<td align=\"RIGHT\">6<\/td>\n<td align=\"RIGHT\">6<\/td>\n<td align=\"RIGHT\">28<\/td>\n<\/tr>\n<tr>\n<td align=\"CENTER\" height=\"18\">2<\/td>\n<td align=\"LEFT\">Surb\u00f6ck Christian<\/td>\n<td align=\"RIGHT\">6<\/td>\n<td align=\"RIGHT\">9<\/td>\n<td align=\"RIGHT\">4<\/td>\n<td align=\"RIGHT\">7<\/td>\n<td align=\"RIGHT\">26<\/td>\n<\/tr>\n<tr>\n<td align=\"CENTER\" height=\"18\">3<\/td>\n<td align=\"LEFT\">J\u00fcrgen Engelhardt<\/td>\n<td align=\"RIGHT\">4<\/td>\n<td align=\"RIGHT\">6<\/td>\n<td align=\"RIGHT\">6<\/td>\n<td align=\"RIGHT\">2<\/td>\n<td align=\"RIGHT\">18<\/td>\n<\/tr>\n<tr>\n<td align=\"CENTER\" height=\"18\">4<\/td>\n<td align=\"LEFT\">Scheuter Hans-Peter<\/td>\n<td align=\"RIGHT\">2<\/td>\n<td align=\"RIGHT\">4<\/td>\n<td align=\"RIGHT\">3<\/td>\n<td align=\"RIGHT\">5<\/td>\n<td align=\"RIGHT\">14<\/td>\n<\/tr>\n<tr>\n<td align=\"CENTER\" height=\"18\">5<\/td>\n<td align=\"LEFT\">Udo \u00d6hme<\/td>\n<td align=\"RIGHT\">2<\/td>\n<td align=\"RIGHT\">7<\/td>\n<td align=\"RIGHT\">2<\/td>\n<td align=\"RIGHT\">1<\/td>\n<td align=\"RIGHT\">12<\/td>\n<\/tr>\n<tr>\n<td align=\"CENTER\" height=\"18\">6<\/td>\n<td align=\"LEFT\">Blankenberg Joachim<\/td>\n<td align=\"RIGHT\">3<\/td>\n<td align=\"RIGHT\">3<\/td>\n<td align=\"RIGHT\">3<\/td>\n<td align=\"RIGHT\">1<\/td>\n<td align=\"RIGHT\">10<\/td>\n<\/tr>\n<\/tbody>\n<\/table>\n<p>&nbsp;<\/p>\n<hr \/>\n<p>SBR Aggregat<\/p>\n<table border=\"0\" frame=\"VOID\" rules=\"NONE\" cellspacing=\"0\">\n<colgroup>\n<col width=\"35\" \/>\n<col width=\"150\" \/>\n<col width=\"60\" \/>\n<col width=\"60\" \/>\n<col width=\"60\" \/><\/colgroup>\n<tbody>\n<tr>\n<td align=\"CENTER\" width=\"35\" height=\"17\"><\/td>\n<td align=\"LEFT\" bgcolor=\"#FFFF00\" width=\"150\">Starter<\/td>\n<td align=\"CENTER\" bgcolor=\"#FFFF00\" width=\"60\">SBR L<\/td>\n<td align=\"CENTER\" bgcolor=\"#FFFF00\" width=\"60\">SBR S<\/td>\n<td align=\"CENTER\" bgcolor=\"#FFFF00\" width=\"60\">Summe<\/td>\n<\/tr>\n<tr>\n<td align=\"CENTER\" height=\"17\">1<\/td>\n<td align=\"LEFT\">Richter Axel<\/td>\n<td align=\"RIGHT\">32<\/td>\n<td align=\"RIGHT\">28<\/td>\n<td align=\"RIGHT\">60<\/td>\n<\/tr>\n<tr>\n<td align=\"CENTER\" height=\"18\">2<\/td>\n<td align=\"LEFT\">Surb\u00f6ck Christian<\/td>\n<td align=\"RIGHT\">26<\/td>\n<td align=\"RIGHT\">26<\/td>\n<td align=\"RIGHT\">52<\/td>\n<\/tr>\n<tr>\n<td align=\"CENTER\" height=\"18\">3<\/td>\n<td align=\"LEFT\">Engelhardt J\u00fcrgen<\/td>\n<td align=\"RIGHT\">14<\/td>\n<td align=\"RIGHT\">18<\/td>\n<td align=\"RIGHT\">32<\/td>\n<\/tr>\n<tr>\n<td align=\"CENTER\" height=\"18\">4<\/td>\n<td align=\"LEFT\">Scheuter Hans-Peter<\/td>\n<td align=\"RIGHT\">11<\/td>\n<td align=\"RIGHT\">14<\/td>\n<td align=\"RIGHT\">25<\/td>\n<\/tr>\n<tr>\n<td align=\"CENTER\" height=\"18\">5<\/td>\n<td align=\"LEFT\">Blankenberg Joachim<\/td>\n<td align=\"RIGHT\">11<\/td>\n<td align=\"RIGHT\">10<\/td>\n<td align=\"RIGHT\">21<\/td>\n<\/tr>\n<tr>\n<td align=\"CENTER\" height=\"18\">6<\/td>\n<td align=\"LEFT\">\u00d6hme Udo<\/td>\n<td align=\"LEFT\"><\/td>\n<td align=\"RIGHT\">10<\/td>\n<td align=\"RIGHT\">10<\/td>\n<\/tr>\n<tr>\n<td align=\"CENTER\" height=\"18\">7<\/td>\n<td align=\"LEFT\">Hensel Frank<\/td>\n<td align=\"RIGHT\">7<\/td>\n<td align=\"LEFT\"><\/td>\n<td align=\"RIGHT\">7<\/td>\n<\/tr>\n<tr>\n<td align=\"CENTER\" height=\"18\">8<\/td>\n<td align=\"LEFT\">Scheuter Heike<\/td>\n<td align=\"RIGHT\">3<\/td>\n<td align=\"LEFT\"><\/td>\n<td align=\"RIGHT\">3<\/td>\n<\/tr>\n<\/tbody>\n<\/table>\n<p>&nbsp;<\/p>\n","protected":false},"excerpt":{"rendered":"<p>Hier die Ergebnisse mit ein bisschen Statistik des 1. Frankencups Small Bore Pistol und Small Bore Rifle. Statistik Small Bore Pistol: 40 Starts mit insgesamt 1089 Treffern, das ist ein&#8230; <a class=\"read-more\" href=\"http:\/\/www.silhouette-franken.de\/?page_id=239\">[Weiterlesen]<\/a><\/p>\n","protected":false},"author":1,"featured_media":0,"parent":237,"menu_order":0,"comment_status":"closed","ping_status":"closed","template":"","meta":{"footnotes":""},"class_list":["post-239","page","type-page","status-publish","hentry","no-post-thumbnail"],"_links":{"self":[{"href":"http:\/\/www.silhouette-franken.de\/index.php?rest_route=\/wp\/v2\/pages\/239","targetHints":{"allow":["GET"]}}],"collection":[{"href":"http:\/\/www.silhouette-franken.de\/index.php?rest_route=\/wp\/v2\/pages"}],"about":[{"href":"http:\/\/www.silhouette-franken.de\/index.php?rest_route=\/wp\/v2\/types\/page"}],"author":[{"embeddable":true,"href":"http:\/\/www.silhouette-franken.de\/index.php?rest_route=\/wp\/v2\/users\/1"}],"replies":[{"embeddable":true,"href":"http:\/\/www.silhouette-franken.de\/index.php?rest_route=%2Fwp%2Fv2%2Fcomments&post=239"}],"version-history":[{"count":1,"href":"http:\/\/www.silhouette-franken.de\/index.php?rest_route=\/wp\/v2\/pages\/239\/revisions"}],"predecessor-version":[{"id":240,"href":"http:\/\/www.silhouette-franken.de\/index.php?rest_route=\/wp\/v2\/pages\/239\/revisions\/240"}],"up":[{"embeddable":true,"href":"http:\/\/www.silhouette-franken.de\/index.php?rest_route=\/wp\/v2\/pages\/237"}],"wp:attachment":[{"href":"http:\/\/www.silhouette-franken.de\/index.php?rest_route=%2Fwp%2Fv2%2Fmedia&parent=239"}],"curies":[{"name":"wp","href":"https:\/\/api.w.org\/{rel}","templated":true}]}}