{"id":28,"date":"2012-03-08T00:19:48","date_gmt":"2012-03-07T23:19:48","guid":{"rendered":"http:\/\/www.silhouette-franken.de\/?page_id=28"},"modified":"2015-07-05T14:31:50","modified_gmt":"2015-07-05T13:31:50","slug":"1-freundschaftsschiesen","status":"publish","type":"page","link":"http:\/\/www.silhouette-franken.de\/?page_id=28","title":{"rendered":"1. Freundschaftsschie\u00dfen"},"content":{"rendered":"<p><img decoding=\"async\" src=\"..\/silhouette_13_11\/sff_klein.jpg\" alt=\"SFF\" \/><\/p>\n<p>Am 13.11.2010 fand auf der Anlage der <a href=\"http:\/\/www.schuetzen-cadolzburg.de\/pages\/aktuelles.php\" target=\"_blank\">KPSG Cadolzburg von 1452<\/a> das erste Silhouetten-Freundschaftsschie\u00dfen der Silhouettensch\u00fctzen Franken statt.<\/p>\n<p>Nachdem es vergleichsweise wenige Silhouetten-Wettbewerbe gibt, sollte das Freundschaftsschie\u00dfen vor Allem eine weitere Trainingsgelegenheit f\u00fcr die im M\u00e4rz 2011 stattfindende Bayerische Landesmeisterschaft bieten.<\/p>\n<p>In den Disziplinen &#8222;Luftpistole offene Visierung&#8220;, &#8222;Luftpistole beliebige Visierung&#8220;, &#8222;Luftgewehr bis 7,5 Joule&#8220; und Luftgewehr \u00fcber 7,5 Joule&#8220; traten insgesamt 14 Starter unter anderem aus Wien, G\u00f6ttingen, Lichtenfels, Coburg und Ellgau an.<\/p>\n<p>Vielen Dank f\u00fcr die Bereitstellung des Schie\u00dfstandes und die tatkr\u00e4ftige Unterst\u00fctzung an die Sportfreunde von der KPSG Cadolzburg, Frank Hensel und Axel Blankenberg f\u00fcrs Schiedsrichtern, Axel Richter f\u00fcr den zweiten Satz Kugelf\u00e4nge und allen anderen Startern f\u00fcrs Mitmachen, es hat viel Spa\u00df gemacht.<br \/>\nWer mag, kann unten einen Kommentar dazu schreiben.<\/p>\n<p>Hier die Ergebnisse:<\/p>\n<hr \/>\n<h3>Luftpistole offene Visierung<\/h3>\n<table border=\"0\" cellspacing=\"0\">\n<colgroup>\n<col width=\"35\" \/>\n<col width=\"90\" \/>\n<col width=\"85\" \/>\n<col width=\"50\" \/>\n<col width=\"50\" \/>\n<col width=\"50\" \/>\n<col width=\"50\" \/>\n<col width=\"70\" \/> <\/colgroup>\n<tbody>\n<tr>\n<td align=\"left\" width=\"35\" height=\"20\"><\/td>\n<td align=\"left\" width=\"90\">Nachname<\/td>\n<td align=\"left\" width=\"85\">Vorname<\/td>\n<td align=\"right\" width=\"50\"><img loading=\"lazy\" decoding=\"async\" src=\"\/wp\/wp-content\/uploads\/2012\/PIC\/chick.gif\" alt=\"\" width=\"15\" height=\"17\" border=\"0\" \/><\/td>\n<td align=\"right\" width=\"50\"><img loading=\"lazy\" decoding=\"async\" src=\"\/wp\/wp-content\/uploads\/2012\/PIC\/pig.gif\" alt=\"\" width=\"20\" height=\"17\" border=\"0\" \/><\/td>\n<td align=\"right\" width=\"50\"><img loading=\"lazy\" decoding=\"async\" src=\"\/wp\/wp-content\/uploads\/2012\/PIC\/turkey.gif\" alt=\"\" width=\"16\" height=\"19\" border=\"0\" \/><\/td>\n<td align=\"right\" width=\"50\"><img loading=\"lazy\" decoding=\"async\" src=\"\/wp\/wp-content\/uploads\/2012\/PIC\/ram.gif\" alt=\"\" width=\"25\" height=\"20\" border=\"0\" \/><\/td>\n<td align=\"right\" width=\"70\">Summe<\/td>\n<\/tr>\n<tr style=\"text-align: center;\" bgcolor=\"#e8f2fd\">\n<td align=\"left\" height=\"20\">1<\/td>\n<td align=\"left\">Richter<\/td>\n<td align=\"left\">Axel<\/td>\n<td align=\"right\">7<\/td>\n<td align=\"right\">10<\/td>\n<td align=\"right\">7<\/td>\n<td align=\"right\">9<\/td>\n<td align=\"right\">33<\/td>\n<\/tr>\n<tr>\n<td align=\"left\" height=\"20\">2<\/td>\n<td align=\"left\">Navrocki<\/td>\n<td align=\"left\">Andreas<\/td>\n<td align=\"right\">9<\/td>\n<td align=\"right\">7<\/td>\n<td align=\"right\">8<\/td>\n<td align=\"right\">7<\/td>\n<td align=\"right\">31<\/td>\n<\/tr>\n<tr bgcolor=\"#e8f2fd\">\n<td align=\"left\" height=\"20\">3<\/td>\n<td align=\"left\">Schr\u00f6ttle<\/td>\n<td align=\"left\">Erwin<\/td>\n<td align=\"right\">8<\/td>\n<td align=\"right\">5<\/td>\n<td align=\"right\">8<\/td>\n<td align=\"right\">9<\/td>\n<td align=\"right\">30<\/td>\n<\/tr>\n<tr>\n<td align=\"left\" height=\"20\">4<\/td>\n<td align=\"left\">Blankenberg<\/td>\n<td align=\"left\">Joachim<\/td>\n<td align=\"right\">6<\/td>\n<td align=\"right\">9<\/td>\n<td align=\"right\">4<\/td>\n<td align=\"right\">7<\/td>\n<td align=\"right\">26<\/td>\n<\/tr>\n<tr bgcolor=\"#e8f2fd\">\n<td align=\"left\" height=\"20\">5<\/td>\n<td align=\"left\">Blankenberg<\/td>\n<td align=\"left\">Axel<\/td>\n<td align=\"right\">4<\/td>\n<td align=\"right\">7<\/td>\n<td align=\"right\">6<\/td>\n<td align=\"right\">5<\/td>\n<td align=\"right\">22<\/td>\n<\/tr>\n<tr>\n<td align=\"left\" height=\"20\">6<\/td>\n<td align=\"left\">Engelhard<\/td>\n<td align=\"left\">J\u00fcrgen<\/td>\n<td align=\"right\">4<\/td>\n<td align=\"right\">3<\/td>\n<td align=\"right\">3<\/td>\n<td align=\"right\">8<\/td>\n<td align=\"right\">18<\/td>\n<\/tr>\n<tr bgcolor=\"#e8f2fd\">\n<td align=\"left\" height=\"20\">7<\/td>\n<td align=\"left\">Manzau<\/td>\n<td align=\"left\">Heinz<\/td>\n<td align=\"right\">5<\/td>\n<td align=\"right\">6<\/td>\n<td align=\"right\">3<\/td>\n<td align=\"right\">3<\/td>\n<td align=\"right\">14<\/td>\n<\/tr>\n<tr>\n<td align=\"left\" height=\"20\">8<\/td>\n<td align=\"left\">Richter<\/td>\n<td align=\"left\">Ulrike<\/td>\n<td align=\"right\">4<\/td>\n<td align=\"right\">2<\/td>\n<td align=\"right\">4<\/td>\n<td align=\"right\">3<\/td>\n<td align=\"right\">13<\/td>\n<\/tr>\n<tr bgcolor=\"#e8f2fd\">\n<td align=\"left\" height=\"20\">9<\/td>\n<td align=\"left\">H\u00fcmmer<\/td>\n<td align=\"left\">Andreas<\/td>\n<td align=\"right\">1<\/td>\n<td align=\"right\">1<\/td>\n<td align=\"right\">2<\/td>\n<td align=\"right\">1<\/td>\n<td align=\"right\">5<\/td>\n<\/tr>\n<\/tbody>\n<\/table>\n<p>&nbsp;<\/p>\n<hr \/>\n<h3>Luftpistole beliebige Visierung<\/h3>\n<table border=\"0\" cellspacing=\"0\">\n<colgroup>\n<col width=\"35\" \/>\n<col width=\"90\" \/>\n<col width=\"85\" \/>\n<col width=\"50\" \/>\n<col width=\"50\" \/>\n<col width=\"50\" \/>\n<col width=\"50\" \/>\n<col width=\"70\" \/> <\/colgroup>\n<tbody>\n<tr>\n<td align=\"left\" width=\"35\" height=\"20\"><\/td>\n<td align=\"left\" width=\"90\">Nachname<\/td>\n<td align=\"left\" width=\"85\">Vorname<\/td>\n<td align=\"right\" width=\"50\"><img loading=\"lazy\" decoding=\"async\" src=\"\/wp\/wp-content\/uploads\/2012\/PIC\/chick.gif\" alt=\"\" width=\"15\" height=\"17\" border=\"0\" \/><\/td>\n<td align=\"right\" width=\"50\"><img loading=\"lazy\" decoding=\"async\" src=\"\/wp\/wp-content\/uploads\/2012\/PIC\/pig.gif\" alt=\"\" width=\"20\" height=\"17\" border=\"0\" \/><\/td>\n<td align=\"right\" width=\"50\"><img loading=\"lazy\" decoding=\"async\" src=\"\/wp\/wp-content\/uploads\/2012\/PIC\/turkey.gif\" alt=\"\" width=\"16\" height=\"19\" border=\"0\" \/><\/td>\n<td align=\"right\" width=\"50\"><img loading=\"lazy\" decoding=\"async\" src=\"\/wp\/wp-content\/uploads\/2012\/PIC\/ram.gif\" alt=\"\" width=\"25\" height=\"20\" border=\"0\" \/><\/td>\n<td align=\"right\" width=\"70\">Summe<\/td>\n<\/tr>\n<tr bgcolor=\"#e8f2fd\">\n<td align=\"left\" height=\"20\">1<\/td>\n<td align=\"left\">Richter<\/td>\n<td align=\"left\">Ulrike<\/td>\n<td align=\"right\">6<\/td>\n<td align=\"right\">9<\/td>\n<td align=\"right\">7<\/td>\n<td align=\"right\">9<\/td>\n<td align=\"right\">31<\/td>\n<\/tr>\n<tr>\n<td align=\"left\" height=\"20\">2<\/td>\n<td align=\"left\">Blankenberg<\/td>\n<td align=\"left\">Joachim<\/td>\n<td align=\"right\">6<\/td>\n<td align=\"right\">9<\/td>\n<td align=\"right\">6<\/td>\n<td align=\"right\">9<\/td>\n<td align=\"right\">30<\/td>\n<\/tr>\n<tr bgcolor=\"#e8f2fd\">\n<td align=\"left\" height=\"20\">3<\/td>\n<td align=\"left\">Richter<\/td>\n<td align=\"left\">Axel<\/td>\n<td align=\"right\">7<\/td>\n<td align=\"right\">8<\/td>\n<td align=\"right\">6<\/td>\n<td align=\"right\">9<\/td>\n<td align=\"right\">30<\/td>\n<\/tr>\n<tr>\n<td align=\"left\" height=\"20\">4<\/td>\n<td align=\"left\">Blankenbrrg<\/td>\n<td align=\"left\">Axel<\/td>\n<td align=\"right\">8<\/td>\n<td align=\"right\">7<\/td>\n<td align=\"right\">5<\/td>\n<td align=\"right\">8<\/td>\n<td align=\"right\">28<\/td>\n<\/tr>\n<tr bgcolor=\"#e8f2fd\">\n<td align=\"left\" height=\"20\">5<\/td>\n<td align=\"left\">Schr\u00f6ttle<\/td>\n<td align=\"left\">Erwin<\/td>\n<td align=\"right\">7<\/td>\n<td align=\"right\">5<\/td>\n<td align=\"right\">6<\/td>\n<td align=\"right\">9<\/td>\n<td align=\"right\">27<\/td>\n<\/tr>\n<tr>\n<td align=\"left\" height=\"20\">6<\/td>\n<td align=\"left\">Schr\u00f6ttle<\/td>\n<td align=\"left\">Helga<\/td>\n<td align=\"right\">6<\/td>\n<td align=\"right\">5<\/td>\n<td align=\"right\">8<\/td>\n<td align=\"right\">8<\/td>\n<td align=\"right\">27<\/td>\n<\/tr>\n<tr bgcolor=\"#e8f2fd\">\n<td align=\"left\" height=\"20\">7<\/td>\n<td align=\"left\">Kiesswetter<\/td>\n<td align=\"left\">Thomas<\/td>\n<td align=\"right\">9<\/td>\n<td align=\"right\">7<\/td>\n<td align=\"right\">4<\/td>\n<td align=\"right\">7<\/td>\n<td align=\"right\">27<\/td>\n<\/tr>\n<tr>\n<td align=\"left\" height=\"20\">8<\/td>\n<td align=\"left\">Engelhardt<\/td>\n<td align=\"left\">J\u00fcrgen<\/td>\n<td align=\"right\">3<\/td>\n<td align=\"right\">8<\/td>\n<td align=\"right\">6<\/td>\n<td align=\"right\">8<\/td>\n<td align=\"right\">25<\/td>\n<\/tr>\n<tr bgcolor=\"#e8f2fd\">\n<td align=\"left\" height=\"20\">9<\/td>\n<td align=\"left\">Navrocki<\/td>\n<td align=\"left\">Andreas<\/td>\n<td align=\"right\">6<\/td>\n<td align=\"right\">8<\/td>\n<td align=\"right\">4<\/td>\n<td align=\"right\">7<\/td>\n<td align=\"right\">25<\/td>\n<\/tr>\n<tr>\n<td align=\"left\" height=\"20\">10<\/td>\n<td align=\"left\">Manzau<\/td>\n<td align=\"left\">Heinz<\/td>\n<td align=\"right\">3<\/td>\n<td align=\"right\">0<\/td>\n<td align=\"right\">1<\/td>\n<td align=\"right\">6<\/td>\n<td align=\"right\">10<\/td>\n<\/tr>\n<tr bgcolor=\"#e8f2fd\">\n<td align=\"left\" height=\"20\">11<\/td>\n<td align=\"left\">H\u00fcmmer<\/td>\n<td align=\"left\">Andreas<\/td>\n<td align=\"right\">2<\/td>\n<td align=\"right\">1<\/td>\n<td align=\"right\">4<\/td>\n<td align=\"right\">3<\/td>\n<td align=\"right\">10<\/td>\n<\/tr>\n<\/tbody>\n<\/table>\n<hr \/>\n<h3>Luftgewehr bis 7,5 Joule<\/h3>\n<table border=\"0\" cellspacing=\"0\">\n<colgroup>\n<col width=\"35\" \/>\n<col width=\"90\" \/>\n<col width=\"85\" \/>\n<col width=\"50\" \/>\n<col width=\"50\" \/>\n<col width=\"50\" \/>\n<col width=\"50\" \/>\n<col width=\"70\" \/> <\/colgroup>\n<tbody>\n<tr>\n<td align=\"left\" width=\"35\" height=\"20\"><\/td>\n<td align=\"left\" width=\"90\">Nachname<\/td>\n<td align=\"left\" width=\"85\">Vorname<\/td>\n<td align=\"right\" width=\"50\"><img loading=\"lazy\" decoding=\"async\" src=\"\/wp\/wp-content\/uploads\/2012\/PIC\/chick.gif\" alt=\"\" width=\"15\" height=\"17\" border=\"0\" \/><\/td>\n<td align=\"right\" width=\"50\"><img loading=\"lazy\" decoding=\"async\" src=\"\/wp\/wp-content\/uploads\/2012\/PIC\/pig.gif\" alt=\"\" width=\"20\" height=\"17\" border=\"0\" \/><\/td>\n<td align=\"right\" width=\"50\"><img loading=\"lazy\" decoding=\"async\" src=\"\/wp\/wp-content\/uploads\/2012\/PIC\/turkey.gif\" alt=\"\" width=\"16\" height=\"19\" border=\"0\" \/><\/td>\n<td align=\"right\" width=\"50\"><img loading=\"lazy\" decoding=\"async\" src=\"\/wp\/wp-content\/uploads\/2012\/PIC\/ram.gif\" alt=\"\" width=\"25\" height=\"20\" border=\"0\" \/><\/td>\n<td align=\"right\" width=\"70\">Summe<\/td>\n<\/tr>\n<tr style=\"text-align: center;\" bgcolor=\"#e8f2fd\">\n<td align=\"left\" height=\"20\">1<\/td>\n<td align=\"left\">Vass<\/td>\n<td align=\"left\">Zoltan<\/td>\n<td align=\"right\">7<\/td>\n<td align=\"right\">7<\/td>\n<td align=\"right\">8<\/td>\n<td align=\"right\">6<\/td>\n<td align=\"right\">28<\/td>\n<\/tr>\n<tr>\n<td align=\"left\" height=\"20\">2<\/td>\n<td align=\"left\">Richter<\/td>\n<td align=\"left\">Axel<\/td>\n<td align=\"right\">5<\/td>\n<td align=\"right\">9<\/td>\n<td align=\"right\">6<\/td>\n<td align=\"right\">5<\/td>\n<td align=\"right\">25<\/td>\n<\/tr>\n<tr bgcolor=\"#e8f2fd\">\n<td align=\"left\" height=\"20\">3<\/td>\n<td align=\"left\">Voltmer<\/td>\n<td align=\"left\">Gisela<\/td>\n<td align=\"right\">9<\/td>\n<td align=\"right\">7<\/td>\n<td align=\"right\">1<\/td>\n<td align=\"right\">6<\/td>\n<td align=\"right\">23<\/td>\n<\/tr>\n<tr>\n<td align=\"left\" height=\"20\">4<\/td>\n<td align=\"left\">Kiesswetter<\/td>\n<td align=\"left\">Thomas<\/td>\n<td align=\"right\">6<\/td>\n<td align=\"right\">9<\/td>\n<td align=\"right\">6<\/td>\n<td align=\"right\">2<\/td>\n<td align=\"right\">23<\/td>\n<\/tr>\n<tr bgcolor=\"#e8f2fd\">\n<td align=\"left\" height=\"20\">5<\/td>\n<td align=\"left\">Engelhardt<\/td>\n<td align=\"left\">J\u00fcrgen<\/td>\n<td align=\"right\">2<\/td>\n<td align=\"right\">3<\/td>\n<td align=\"right\">4<\/td>\n<td align=\"right\">3<\/td>\n<td align=\"right\">12<\/td>\n<\/tr>\n<tr>\n<td align=\"left\" height=\"20\">6<\/td>\n<td align=\"left\">Schr\u00f6ttle<\/td>\n<td align=\"left\">Erwin<\/td>\n<td align=\"right\">3<\/td>\n<td align=\"right\">4<\/td>\n<td align=\"right\">1<\/td>\n<td align=\"right\">3<\/td>\n<td align=\"right\">11<\/td>\n<\/tr>\n<tr bgcolor=\"#e8f2fd\">\n<td align=\"left\" height=\"20\">7<\/td>\n<td align=\"left\">H\u00fcmmer<\/td>\n<td align=\"left\">Andreas<\/td>\n<td align=\"right\">0<\/td>\n<td align=\"right\">2<\/td>\n<td align=\"right\">3<\/td>\n<td align=\"right\">0<\/td>\n<td align=\"right\">5<\/td>\n<\/tr>\n<\/tbody>\n<\/table>\n<p>&nbsp;<\/p>\n<hr \/>\n<h3>Luftgewehr \u00fcber 7,5 Joule<\/h3>\n<table border=\"0\" cellspacing=\"0\">\n<colgroup>\n<col width=\"35\" \/>\n<col width=\"90\" \/>\n<col width=\"85\" \/>\n<col width=\"50\" \/>\n<col width=\"50\" \/>\n<col width=\"50\" \/>\n<col width=\"50\" \/>\n<col width=\"70\" \/> <\/colgroup>\n<tbody>\n<tr>\n<td align=\"left\" width=\"35\" height=\"20\"><\/td>\n<td align=\"left\" width=\"90\">Nachname<\/td>\n<td align=\"left\" width=\"85\">Vorname<\/td>\n<td align=\"right\" width=\"50\"><img loading=\"lazy\" decoding=\"async\" src=\"\/wp\/wp-content\/uploads\/2012\/PIC\/chick.gif\" alt=\"\" width=\"15\" height=\"17\" border=\"0\" \/><\/td>\n<td align=\"right\" width=\"50\"><img loading=\"lazy\" decoding=\"async\" src=\"\/wp\/wp-content\/uploads\/2012\/PIC\/pig.gif\" alt=\"\" width=\"20\" height=\"17\" border=\"0\" \/><\/td>\n<td align=\"right\" width=\"50\"><img loading=\"lazy\" decoding=\"async\" src=\"\/wp\/wp-content\/uploads\/2012\/PIC\/turkey.gif\" alt=\"\" width=\"16\" height=\"19\" border=\"0\" \/><\/td>\n<td align=\"right\" width=\"50\"><img loading=\"lazy\" decoding=\"async\" src=\"\/wp\/wp-content\/uploads\/2012\/PIC\/ram.gif\" alt=\"\" width=\"25\" height=\"20\" border=\"0\" \/><\/td>\n<td align=\"right\" width=\"70\">Summe<\/td>\n<\/tr>\n<tr style=\"text-align: center;\" bgcolor=\"#e8f2fd\">\n<td align=\"left\" height=\"20\">1<\/td>\n<td align=\"left\">Voltmer<\/td>\n<td align=\"left\">Roman<\/td>\n<td align=\"right\">10<\/td>\n<td align=\"right\">10<\/td>\n<td align=\"right\">4<\/td>\n<td align=\"right\">4<\/td>\n<td align=\"right\">28<\/td>\n<\/tr>\n<tr>\n<td align=\"left\" height=\"20\">2<\/td>\n<td align=\"left\">Vass<\/td>\n<td align=\"left\">Zoltan<\/td>\n<td align=\"right\">6<\/td>\n<td align=\"right\">7<\/td>\n<td align=\"right\">7<\/td>\n<td align=\"right\">6<\/td>\n<td align=\"right\">26<\/td>\n<\/tr>\n<tr bgcolor=\"#e8f2fd\">\n<td align=\"left\" height=\"20\">3<\/td>\n<td align=\"left\">Richter<\/td>\n<td align=\"left\">Axel<\/td>\n<td align=\"right\">5<\/td>\n<td align=\"right\">7<\/td>\n<td align=\"right\">5<\/td>\n<td align=\"right\">7<\/td>\n<td align=\"right\">24<\/td>\n<\/tr>\n<tr>\n<td align=\"left\" height=\"20\">4<\/td>\n<td align=\"left\">Kiesswetter<\/td>\n<td align=\"left\">Thomas<\/td>\n<td align=\"right\">5<\/td>\n<td align=\"right\">9<\/td>\n<td align=\"right\">3<\/td>\n<td align=\"right\">6<\/td>\n<td align=\"right\">23<\/td>\n<\/tr>\n<tr bgcolor=\"#e8f2fd\">\n<td align=\"left\" height=\"20\">5<\/td>\n<td align=\"left\">Engelhardt<\/td>\n<td align=\"left\">J\u00fcrgen<\/td>\n<td align=\"right\">4<\/td>\n<td align=\"right\">6<\/td>\n<td align=\"right\">3<\/td>\n<td align=\"right\">1<\/td>\n<td align=\"right\">14<\/td>\n<\/tr>\n<\/tbody>\n<\/table>\n<p>&nbsp;<\/p>\n<hr \/>\n<h3>die Bilder dazu:<\/h3>\n<p><img decoding=\"async\" src=\"..\/silhouette_13_11\/P1030514.jpg\" alt=\"\" \/><br \/>\nKPSG Cadolzburg von 1452<\/p>\n<p><img decoding=\"async\" src=\"..\/silhouette_13_11\/P1030515.jpg\" alt=\"\" \/><br \/>\nPistolen-Stand mit den Figuren-B\u00e4nken<\/p>\n<p><img decoding=\"async\" src=\"..\/silhouette_13_11\/P1030516.jpg\" alt=\"\" \/><br \/>\nGewehr-Stand mit den Figuren-B\u00e4nken<\/p>\n<p><img decoding=\"async\" src=\"..\/silhouette_13_11\/P1030519.jpg\" alt=\"\" \/><br \/>\nSch\u00fctzen&#8230;<\/p>\n<p><img decoding=\"async\" src=\"..\/silhouette_13_11\/P1030533.jpg\" alt=\"\" \/><br \/>\nSch\u00fctzen&#8230;<\/p>\n<p><img decoding=\"async\" src=\"..\/silhouette_13_11\/P1030537.jpg\" alt=\"\" \/><br \/>\nSch\u00fctzen&#8230;<\/p>\n<h3><a href=\"http:\/\/picasaweb.google.com\/Ovaron08\/FreundschaftsschieEnSilhouette#\" target=\"_blank\">Weitere Bilder gibt es hier. <\/a> Danke, Thomas!<\/h3>\n","protected":false},"excerpt":{"rendered":"<p>Am 13.11.2010 fand auf der Anlage der KPSG Cadolzburg von 1452 das erste Silhouetten-Freundschaftsschie\u00dfen der Silhouettensch\u00fctzen Franken statt. Nachdem es vergleichsweise wenige Silhouetten-Wettbewerbe gibt, sollte das Freundschaftsschie\u00dfen vor Allem eine&#8230; <a class=\"read-more\" href=\"http:\/\/www.silhouette-franken.de\/?page_id=28\">[Weiterlesen]<\/a><\/p>\n","protected":false},"author":1,"featured_media":0,"parent":237,"menu_order":1,"comment_status":"closed","ping_status":"closed","template":"","meta":{"footnotes":""},"class_list":["post-28","page","type-page","status-publish","hentry","no-post-thumbnail"],"_links":{"self":[{"href":"http:\/\/www.silhouette-franken.de\/index.php?rest_route=\/wp\/v2\/pages\/28","targetHints":{"allow":["GET"]}}],"collection":[{"href":"http:\/\/www.silhouette-franken.de\/index.php?rest_route=\/wp\/v2\/pages"}],"about":[{"href":"http:\/\/www.silhouette-franken.de\/index.php?rest_route=\/wp\/v2\/types\/page"}],"author":[{"embeddable":true,"href":"http:\/\/www.silhouette-franken.de\/index.php?rest_route=\/wp\/v2\/users\/1"}],"replies":[{"embeddable":true,"href":"http:\/\/www.silhouette-franken.de\/index.php?rest_route=%2Fwp%2Fv2%2Fcomments&post=28"}],"version-history":[{"count":6,"href":"http:\/\/www.silhouette-franken.de\/index.php?rest_route=\/wp\/v2\/pages\/28\/revisions"}],"predecessor-version":[{"id":119,"href":"http:\/\/www.silhouette-franken.de\/index.php?rest_route=\/wp\/v2\/pages\/28\/revisions\/119"}],"up":[{"embeddable":true,"href":"http:\/\/www.silhouette-franken.de\/index.php?rest_route=\/wp\/v2\/pages\/237"}],"wp:attachment":[{"href":"http:\/\/www.silhouette-franken.de\/index.php?rest_route=%2Fwp%2Fv2%2Fmedia&parent=28"}],"curies":[{"name":"wp","href":"https:\/\/api.w.org\/{rel}","templated":true}]}}